re the prime factors of y?
2, 3
Let r(d) = d**3 + 7*d**2 + 2. Let f be r(-7). List the prime factors of (f - 1)/(3/21).
7
Suppose -3*l + 8*l - 290 = 0. What are the prime factors of l?
2, 29
Let h = 25 - 18. What are the prime factors of h?
7
What are the prime factors of 366/8 + (-69)/92?
3, 5
Let l be (-226)/(-7) - 4/14. Let z = l + -4. What are the prime factors of z?
2, 7
Suppose 17*v = 8*v + 1017. List the prime factors of v.
113
Let q(t) = 15 - t - 3 - 1. Let r be q(9). Suppose 3*l = r*g + 56, 0 = 2*g + 3 - 1. List the prime factors of l.
2, 3
Suppose -3*j + 3*n = -0*n + 48, 3 = n. Let s(h) = h**2 + 9*h - 12. List the prime factors of s(j).
2, 5
Let t(l) = 25*l + 1. What are the prime factors of t(5)?
2, 3, 7
Suppose 3 = -5*h + 4*j + 207, -16 = -4*j. Suppose h - 2 = 3*k. What are the prime factors of k?
2, 7
Let h be 12/8 + (-1)/(-2). Let q = 6 - h. List the prime factors of q.
2
Let c be (-4)/(-4)*0/1. Let f = c - 1. Let h = f + 8. What are the prime factors of h?
7
Suppose -4*i + 88 = 16. What are the prime factors of 357/i - (-1)/6?
2, 5
Suppose -3*w = -5*l + 1, 5*l = 3*w + 2*w - 15. Let j(y) = -y + 1. Let s be j(1). Suppose -b + w = -s. What are the prime factors of b?
2
Suppose -5*j + 85 = 3*v, 0 = -2*v - 3*j + 13 + 43. Let i(s) = -s**2 + 4*s + 3. Let d be i(-2). Let k = d + v. List the prime factors of k.
2
Suppose -6 - 3 = -3*t. Suppose -2*n + 3*h = -0*h + 5, 0 = 3*n - h - t. What are the prime factors of n?
2
Let l(u) = u**3 - 20*u**2 - 18*u + 21. What are the prime factors of l(21)?
2, 3, 7
List the prime factors of (-4 - (-44)/16)*-40.
2, 5
Let y = -6 + 21. Suppose 0 = -o + 2*n + 17, 2*o + 4*n = -3*o + y. What are the prime factors of o?
7
Let r(d) = 26*d + 4. What are the prime factors of r(1)?
2, 3, 5
Let r(k) = -k**3 + k**2 + 13. Let o = 0 + 0. List the prime factors of r(o).
13
List the prime factors of ((-201)/(-9))/(0 - (-2)/6).
67
Let w = 5 + -8. Let v(q) = -q**3 - 3*q**2 + 2*q + 4. Let l be v(w). Let d(a) = -7*a - 2. List the prime factors of d(l).
2, 3
Let w(s) = 3*s**3 - 10*s**2 - 2*s - 8. What are the prime factors of w(5)?
107
Suppose -59 = -3*f + 55. List the prime factors of f.
2, 19
Suppose -4*k - 9 = -5*k. Suppose 3*f + 0 = -k. Let l = f - -9. List the prime factors of l.
2, 3
Suppose -1428 = -0*y - 6*y. List the prime factors of y.
2, 7, 17
Let c(n) = -9 + 10 + 3*n**2 + 0*n**2. List the prime factors of c(-2).
13
Let x(i) = -i**2 - i + 4. Let g be x(0). Suppose g*u - 5*u + 45 = 0. List the prime factors of u.
3, 5
Let g = 199 - 138. What are the prime factors of g?
61
Let w(z) = 8*z**3 - z**2 - z - 2. What are the prime factors of w(2)?
2, 7
Let p(x) = -x + 8. Let i be p(10). Let j(n) = -n**3 + 2*n**2 - n - 1. List the prime factors of j(i).
17
Let l(s) = -s**3 + 6*s**2 + 9*s + 1. Let d be l(7). List the prime factors of (108/d)/((-15)/(-50)).
2, 3
Suppose -5*g + b = -1009, 3*g + 5*b - 759 + 148 = 0. List the prime factors of g.
2, 101
Suppose 3*c - 4*u + 16 = 0, 0 = -2*c + 3*c - 3*u - 3. List the prime factors of c*1*(2 + -3).
2, 3
Let q = -22 + 36. Let j = -10 + q. What are the prime factors of j?
2
Let b(n) = -5*n + 1. List the prime factors of b(-3).
2
Let k = -76 + 189. What are the prime factors of k?
113
Suppose -5*h + 421 - 56 = 0. What are the prime factors of h?
73
Let y(h) = -36*h - 4. Let k(b) = 12*b + 1. Let m(s) = -8*k(s) - 3*y(s). Let o(j) = -11*j - 3. Let r(d) = -5*m(d) - 6*o(d). What are the prime factors of r(3)?
2
Suppose 91 = u - 3*v, -u - v = -5*v - 90. List the prime factors of u.
2, 47
Suppose 13*r - 17*r + 156 = 0. What are the prime factors of r?
3, 13
Let n = -3 - -3. Suppose 4*q + 18 = 2*h, q + n*q = 1. What are the prime factors of h?
11
Let x = 101 - 51. What are the prime factors of x?
2, 5
Let s = 27 - 6. Suppose 4*a + m - s = 32, -2*m - 50 = -4*a. List the prime factors of a.
13
List the prime factors of ((-25)/(-15))/((-5)/(-165)).
5, 11
Let c(a) = a**2 - 5*a - 11. Let q be c(-2). Let m be (-35)/(-3) + 2/6. Suppose i = -q*i - 4*w - m, 20 = -4*w. List the prime factors of i.
2
Let q be (2 + (-32)/20)*5. Suppose q*s + 2*s - 164 = 0. What are the prime factors of s?
41
Let y(s) = 67*s + 3. Let w(m) = 33*m + 1. Let g(q) = 5*w(q) - 2*y(q). What are the prime factors of g(1)?
2, 3, 5
Suppose z - m + 2 = 0, 0 = 5*z + 3*m - 0*m + 42. List the prime factors of (-2)/2 - z - 1.
2
Let v(b) = b + 5. Let f be v(-7). What are the prime factors of 111/6 - f/(-4)?
2, 3
Suppose -o + 1 + 3 = 0. What are the prime factors of o?
2
Suppose -3*b + 18 - 3 = 0. Let f = 10 - b. Suppose 0*u = 2*u - 6, -f*u = -4*g + 9. List the prime factors of g.
2, 3
Let r = 146 + -80. What are the prime factors of r?
2, 3, 11
Let t(x) = 17*x + 30. What are the prime factors of t(9)?
3, 61
Let d(h) be the second derivative of h**5/20 - 2*h**4/3 + 2*h**2 - h. List the prime factors of d(8).
2
Let b(p) = 7*p**2 - p**2 - p**3 + 13 - 6. List the prime factors of b(6).
7
Suppose 0*m + 37 = 2*l - 5*m, 4*l = -2*m + 110. List the prime factors of l.
2, 13
Let b be (-61)/3 - 2/3. Let h = 39 + b. What are the prime factors of h?
2, 3
Let v be 74/(-3) + 1/(-3). Suppose -65 = 5*u - 3*i, 2*i + 65 = -u - 4*u. Let x = u - v. What are the prime factors of x?
2, 3
Let y = 3 + 22. Suppose 3*k - 7*a = -2*a - 13, 0 = -5*a + y. List the prime factors of k.
2
Let n = 4 + 60. What are the prime factors of n?
2
Let r = -57 + 107. List the prime factors of r.
2, 5
Suppose 4*p + 2 = 22. Let r = 0 + p. List the prime factors of r.
5
Let i(v) = -v - 6. Let b be i(0). Let g = b - -4. List the prime factors of 72/10 - g/(-10).
7
Let v = 154 + -83. What are the prime factors of v?
71
Suppose 0 = -4*q + q - 3*m + 24, -q + 4 = 2*m. Suppose 2*z + 2 - q = 0. Suppose -z*k + 16 = -29. List the prime factors of k.
3
Let k(s) = -4*s + 16. Let p(u) = -3*u + 11. Let n(x) = -5*k(x) + 7*p(x). What are the prime factors of n(-13)?
2, 5
Let z(s) = -15*s + 1. Let j be z(-1). Let w(u) = -u**2 + 3*u + 4. Let n be w(5). Let i = n + j. What are the prime factors of i?
2, 5
Suppose -4*k + 24 = 5*w - 8, 4*w + 3*k = 25. Suppose 4*i - 2*i + 4*d + 12 = 0, 3*d = -w*i - 4. Suppose i*t - 16 = -0*t. List the prime factors of t.
2
List the prime factors of (82/4)/((-13)/(-26)).
41
Let m(v) = 14*v. Let u = -7 - -7. Suppose -3*b + w + 1 = u, -2*b - w + 8 = 2*w. List the prime factors of m(b).
2, 7
Suppose -4*b = -8*b + 20. Suppose b*d + 15 = -a + 6*a, -3*d + 39 = 5*a. What are the prime factors of a?
2, 3
Let a be 47/6 - 1/(-6). Let f = a - 1. What are the prime factors of f?
7
Suppose -5*q + 8 + 7 = 0. Suppose 2*u = q*p + 35, p - 2*p - 42 = -3*u. List the prime factors of u.
13
Suppose 2*k - 8 = -2*t, 3*t = 4*t + 1. Suppose 3*c - 14 = 5*p, 0 = k*c - 4*p - 34 + 2. What are the prime factors of c?
2
Let a = 6 + 1. List the prime factors of a.
7
Let h = -225 + 531. What are the prime factors of h?
2, 3, 17
List the prime factors of -37*(0 - -2)/(-2).
37
Let b(q) = 11*q**3 - 7*q**2 + q + 17. Let h(c) = -5*c**3 + 3*c**2 - c - 8. Let l(n) = 6*b(n) + 13*h(n). List the prime factors of l(5).
13
Let q be 2/(8/164) + 0. Let l = q - 17. What are the prime factors of l?
2, 3
Let l(r) = r**2 + 24*r - 62. List the prime factors of l(-33).
5, 47
Suppose -6*x + 267 = 2*m - x, -4*m - 4*x = -528. List the prime factors of m.
131
Let g(i) = -3*i + 15. Let c be g(5). Suppose a + 5*j = 3*a + 16, -2*a + 2*j - 4 = c. What are the prime factors of a?
2
Let n = 6 - 6. Suppose -5*m + 55 = -n*m. Let y(p) = -p**2 + 11*p + 5. List the prime factors of y(m).
5
Let d(s) = s**2 + 2 - 1 + 2 + 6*s - 2. List the prime factors of d(-7).
2
What are the prime factors of (-11)/(-55) - 229/(-5)?
2, 23
Let j = 34 + 149. What are the prime factors of j?
3, 61
Suppose -5*d + 0*u = 3*u - 336, 0 = -d + 2*u + 75. List the prime factors of d.
3, 23
Suppose h - 10 = 18. What are the prime factors of h?
2, 7
Let p(f) be the second derivative of f**6/360 + f**5/20 - f**3/3 - 2*f. Let a(w) be the second derivative of p(w). What are the prime factors of a(-7)?
7
Suppose -h - 1 = h + t, 13 = -h - 3*t. Suppose 0 = 4*p + h*v - 102, -v - 126 = -5*p - 2*v. List the prime factors of p.
5
Suppose 2*y = 5*v - 7, 0 = -4*y + 6*v - 4*v + 10. Let w be 126/8 + 4/16. Suppose y*h - w - 36 = 0. What are the prime factors of h?
13
Let c be (-3